3, 59
Let g be 50/(-3)*(-24)/20. Suppose 0*s + g = 4*s. What are the prime factors of s?
5
Let m = -5 - -7. Let a = m + 3. Suppose a*x = 3*n + 50, 4*x - 5 = n + 28. List the prime factors of x.
7
Suppose 5*s + 10 = -0*j + 5*j, 0 = -4*s. Let y be 15/j + 1/(-2). Let c = -5 + y. What are the prime factors of c?
2
Suppose -618 = -3*j - 78. What are the prime factors of j?
2, 3, 5
Let v(l) = l**3 + 8*l**2 - 12*l. Let b be v(-9). Let t = b + -15. Suppose 6 = 2*z - t. What are the prime factors of z?
3
Let v = -46 + 75. List the prime factors of 2*(v/2 - 3).
23
Let r = -6 - -83. Suppose 0 = -5*n + 3 + r. List the prime factors of n.
2
Let n(h) be the first derivative of -h**5/60 - 5*h**4/12 + 5*h**3/3 + h**2 - 1. Let a(m) be the second derivative of n(m). What are the prime factors of a(-10)?
2, 5
Suppose 42 = 3*y + 6. What are the prime factors of y?
2, 3
What are the prime factors of (-9)/(-21) - (-22)/14?
2
Suppose 0 = 3*v + v + 2*y - 68, -v + 3*y = -3. Suppose o - 3*w - v = -4*o, -4*w - 20 = o. Suppose o = 7*j - 3*j - 44. What are the prime factors of j?
11
Let v = 9 - -31. Suppose 3*l + w - v = 0, 3*l - 4*w - 24 = -w. Suppose l = 4*r - 0*r. List the prime factors of r.
3
Let n(z) = 13*z + 6. Let j be n(6). Suppose 2*f + f = j. What are the prime factors of f?
2, 7
Let x(r) = -r**2 - 3*r + 3. Let j be x(-3). Suppose -16 = 7*w - j*w. List the prime factors of (-1 + (-6)/w)*16.
2
Let o be (-1 + 2 + -1)/2. Let m = 7 + o. What are the prime factors of m?
7
Let i(g) be the first derivative of 4*g**3/3 - g**2/2 + g - 2. Let m be i(1). Suppose m*c + 20 = 0, 0*u + 5*u - 4*c - 50 = 0. List the prime factors of u.
2, 3
Let y(m) be the second derivative of m**5/60 - m**4/6 - 5*m**3/3 + m**2/2 + 3*m. Let q(l) be the first derivative of y(l). What are the prime factors of q(7)?
11
Let z = 5 + 11. What are the prime factors of z?
2
Let i(s) = -s + 8. Let u be (-50)/(-6) + (-1)/3. Let t be i(u). Suppose 0 = -m - t*m + 2. List the prime factors of m.
2
Let i = 36 + -35. Let z(q) = -q**2 + 6*q + 4. Let g be z(-4). List the prime factors of (-1*i)/(3/g).
2, 3
Suppose 5*n = 20, -4*n + 29 = 3*m + n. What are the prime factors of (-6)/m*30/(-4)?
3, 5
Let u(i) = -i**2 - 7*i - 6. Let x(l) = l**2 + 7*l + 5. Let f(h) = 6*u(h) + 7*x(h). Let c = -19 - -11. List the prime factors of f(c).
7
Let i(q) = -q**2 + q + 1. Let f(h) = -6*h**2 + 6*h + 3. Let d(p) = -f(p) + 5*i(p). Let j be d(3). Let c = 10 - j. What are the prime factors of c?
2
Suppose 0 = -4*k + 300 + 360. What are the prime factors of k?
3, 5, 11
Suppose 4*u = -3 + 23. Suppose -4*r + 102 = u*t, -4*t - 4*r + 66 = -t. List the prime factors of t.
2, 3
Suppose 3*h = 4*h - 23. Suppose p = 5, 2*t + 5*p = 3*t + 33. Let c = t + h. List the prime factors of c.
3, 5
Let x(b) = -b**3 + 4*b**2 + 4*b - 4. Let k(d) = -2*d - 2. Let w be k(-3). What are the prime factors of x(w)?
2, 3
Suppose -33 - 35 = -4*t. Let d = t + -12. What are the prime factors of d?
5
Let f(t) = -t + 4. Let j be f(-3). Suppose -j*x = -3*x + y - 56, y + 4 = 0. What are the prime factors of x?
3, 5
Suppose d = -4*t - 0*t + 49, 40 = 5*t - 3*d. Let f = 19 - t. Suppose -3*o = -4*a + f + 1, -4*a = 5*o - 49. What are the prime factors of a?
2, 3
Let x = 59 - 16. List the prime factors of x.
43
Suppose -4*j + 2*c - 2 + 26 = 0, -j + c = -8. Suppose 2*w - 12 = -j*a - 0*a, 3*a + 6 = 0. What are the prime factors of w?
2, 5
Suppose 0 = -p + 55 + 6. List the prime factors of p.
61
Suppose 3*x = -q + 91, -q + 5*x + 101 = -6. List the prime factors of q.
97
Let k = 1 + -1. Suppose 0 = -5*v - i - 168, k*i - i = 4*v + 135. List the prime factors of v*(0 - (-2)/(-6)).
11
Let a = -45 - -74. Let t = a + -13. List the prime factors of t.
2
Let k(z) = 2*z + 40. What are the prime factors of k(-12)?
2
Let x(k) be the first derivative of k**3/3 - 5*k**2/2 + 6*k + 1. Let n be 4*(-6)/(-28)*7. List the prime factors of x(n).
2, 3
Let v(r) = r**3 + 7*r**2 - 11*r + 6. Let d(o) = -o**2 + o - 2. Let z be d(3). What are the prime factors of v(z)?
2, 3, 5
Let s = 137 - 116. List the prime factors of s.
3, 7
Let f(j) = -j**2 + 9*j - 7. Let l be f(8). Let b = 14 - l. List the prime factors of b.
13
Let m(p) = p**2 - 7*p - 9. What are the prime factors of m(9)?
3
Suppose 5*u - 36 + 6 = -2*a, -17 = u + 5*a. Suppose 2*n + u = -0. What are the prime factors of 0 + (1 - n/2)?
3
Let o(s) be the third derivative of -s**5/60 - s**4/3 - 2*s**3/3 - 2*s**2. Let g = 4 - 8. List the prime factors of o(g).
2, 3
Let l(z) = 3*z - 1. Let w(d) = d - 1. Let j(o) = -3*l(o) + 12*w(o). What are the prime factors of j(10)?
3, 7
Suppose 4*c = -2*o + 2, c + o = 2*c - 5. Suppose 0 = f + 3*f - 5*z + 1, c*z = -5*f + 40. Suppose 5*n - 2*n = f. List the prime factors of n.
2
Let s(r) = -r**2 - 8*r. Let a be s(-4). What are the prime factors of (-312)/a*2/(-3)?
13
Suppose 36 = 4*f + 3*i, -2*f + 8*i = 3*i + 8. List the prime factors of f.
2, 3
Let d(i) = -2*i - 1. Let s(y) = -y**2 - 4*y - 1. Let c be s(-2). Suppose -c*m - 10 = u - 2*u, 0 = -4*m - 2*u - 30. What are the prime factors of d(m)?
3
Suppose -5*v + 36 = -3*b, -3*b = -3*v - 6*b + 12. Let h(j) = -1. Let s(o) = -o. Let i(t) = v*h(t) + s(t). List the prime factors of i(-9).
3
Suppose 5*l + 108 = 3*p - 2*p, 2*l - 8 = 0. What are the prime factors of p?
2
Suppose 0 = -2*y - 3*d + 11, 0*d = 4*y - d - 15. Let n(w) = 3*w**2 - 6*w + 4. List the prime factors of n(y).
2, 7
What are the prime factors of -1 - ((-46)/1 + 1)?
2, 11
Suppose 13*b = 22*b - 1152. What are the prime factors of b?
2
Let c(k) = -k**3 - 5*k**2 + 4*k - 8. Suppose 2*d + 3 + 9 = 0. Let t be c(d). Suppose 0 = j - t - 2. List the prime factors of j.
2, 3
Let a = 38 + -17. What are the prime factors of a?
3, 7
Suppose 3*g = -4*j + 62, 5*g + 0 + 10 = 0. What are the prime factors of j?
17
Let j be ((-8)/6 - -1)*3. Let o be (4/(-4))/(j/(-4)). List the prime factors of (-105)/(-12) - 1/o.
3
Suppose 0 = 5*t + 4*v - 21, -2*v + 15 = -t + 2*v. Suppose -7 = -3*r - t. List the prime factors of r.
2
List the prime factors of -1 - ((-164)/(-4))/(-1).
2, 5
Let i(c) = -6*c**2 + 2*c + 11. Let k(n) = -n**2 + 1. Let o(l) = i(l) - 5*k(l). What are the prime factors of o(3)?
3
Let c be (-1)/4 - 50/(-8). Let v(p) = p**3 - 7*p**2 + 7*p - 9. Let b be v(c). What are the prime factors of b/12 - 45/(-4)?
11
Let k = -3 + 182. List the prime factors of k.
179
Let t(c) = c**2 + 4. Suppose 4*i - 4*w + 2*w = 0, w - 14 = -5*i. Suppose -5*o + 7 + 9 = i*n, 5*n + 10 = 0. What are the prime factors of t(o)?
2, 5
What are the prime factors of 21 - 17 - 47/(-1)?
3, 17
Let b = 25 + 56. What are the prime factors of b?
3
What are the prime factors of (-14)/63 - 184/(-18)?
2, 5
Let v(s) be the third derivative of -5*s**4/24 + s**3/3 + 2*s**2. Let u be v(-3). Let c = u - 11. What are the prime factors of c?
2, 3
Let m = -6 - -9. Suppose -14 + 2 = -3*g, m*u + 4*g - 43 = 0. List the prime factors of u.
3
Let z(f) = -f**3 + 8*f**2 - 7*f + 3. Let d be z(7). Let i = 10 - d. List the prime factors of i.
7
Let n = -40 - -90. List the prime factors of n.
2, 5
Suppose 5*l = -2*m + 36, 2*l + 4*m - 3*m - 15 = 0. Suppose 3*f = l*f + 12. Let j = 4 - f. What are the prime factors of j?
2
Let h be (-6)/9 - (-19)/(-3). Let t = h + 13. List the prime factors of t.
2, 3
Suppose n + n - 6 = 0. Suppose 0*j - 18 = -j + 5*r, -r - 82 = -n*j. List the prime factors of j.
2, 7
Suppose 5*k + 4*c - 14 = 0, -k - 2*c + c = -3. Let x = k - -3. What are the prime factors of x?
5
Let c = -228 - -323. What are the prime factors of c?
5, 19
Let a = -60 - -136. List the prime factors of a.
2, 19
Let x be (-16)/6*63/(-2). Suppose -l - x = -5*l. List the prime factors of l.
3, 7
Let m be -1 + 1 + 7 + 9. Let z = m + -8. List the prime factors of z.
2
Suppose 0 = 5*t + 25 - 75. Let q(h) = -h**2 + 16*h - 6. List the prime factors of q(t).
2, 3
Suppose o = -4*z + 12, 2*z - 24 = -4*o + 52. What are the prime factors of o/6*(-18)/(-10)?
2, 3
Let v(g) = -g + 28. Let f be v(15). Let i = 4 - 6. Let j = i + f. List the prime factors of j.
11
Suppose -860 = 7*v - 3744. List the prime factors of v.
2, 103
Suppose 3*o - 216 = -3*o. What are the prime factors of o?
2, 3
Let j(h) = -h**3 - 4*h**2 - 5*h - 8. List the prime factors of j(-4).
2, 3
Let z(k) = k**2 - 7*k + 7. Let t be z(7). Le